t of 1 - 1 - (g + -3)?
1
Let j(q) = -31*q - 6. What is the hundreds digit of j(-4)?
1
Suppose 0 = 5*l + 4*i + 17, 3*i - 24 + 8 = 2*l. Let k(x) = x**2 + x + 1. Let m be k(l). What is the units digit of 2/(-7) + 48/m?
2
Let r be 2/(-8) + 94/(-8). What is the tens digit of (-195)/r + 1/(-4)?
1
Let l = 78 - -131. What is the tens digit of l?
0
Let k = 140 - 71. What is the tens digit of k?
6
Let i(y) be the first derivative of y**3/3 + y**2 + 3*y + 1. What is the units digit of i(-6)?
7
Let t(u) = -u**2 + 8*u - 7. Let a be t(6). Suppose -v + a*h = -14, -v - 4*h + 9 = -5. Suppose i - v = -i. What is the units digit of i?
7
Suppose 2*p + 5*z - z = 16, -5*z - 100 = -5*p. Suppose f + 2*v - 6 = 0, f + 19 = 5*f + 3*v. Suppose 2*c + p = f*c. What is the units digit of c?
8
Let a be (-1 + 1)/(-7 + 9). Suppose a = 3*w - 16 - 38. What is the units digit of w?
8
Suppose -a - 4*a = -65. What is the units digit of a?
3
Let j(v) = -74*v**3 - v - 1. What is the units digit of j(-1)?
4
Suppose 0*w - 16 = -2*w. Suppose 3*y - w*y + 10 = 0. What is the units digit of 28/3 - y/6?
9
Let g(v) = v**2 - 2*v - 4. Let d(j) = j**2 + 5*j + 3. Let f be d(-5). Let m be g(f). What is the tens digit of (27*m)/(-3) + 2?
1
Let o = 15 - 10. Suppose 0*t + t - 22 = -4*w, -26 = -o*t + w. What is the units digit of t?
6
Let n(m) = -m**3 + 4*m**2 - 2*m. Let a be (-8)/10*20/(-4). Let o be n(a). Let l = o + 15. What is the units digit of l?
7
Let h(w) = w**3 + 2*w**2 - 4*w - 2. Let t be h(-3). Let s(i) = 9*i**2 + 1. What is the units digit of s(t)?
0
Let g = 105 - 74. What is the units digit of g?
1
Let d = 4 + -2. Let p = d + 4. Let i = -3 + p. What is the units digit of i?
3
Let n(p) = 6*p**3 + 2*p - 1. Let a be n(1). Suppose -4*t - t = -2*c - 8, -c - 3*t = -a. What is the units digit of c?
1
Suppose -p - 3*p + 112 = 0. What is the units digit of p?
8
Suppose 2*q + 18 = u + 6, -q + 5 = 5*u. Let a(x) = x**2 + 6*x + 5. Let z be a(-6). Suppose c + 3*c - 20 = -u*g, c + 61 = z*g. What is the tens digit of g?
1
Suppose 0 = 6*a + 37 + 29. Let z = a - -24. What is the units digit of z?
3
Let u(z) = 19*z + 2. What is the units digit of u(2)?
0
Let h be (1/2)/((-8)/(-1280)). Suppose -2*u + h = 3*u. What is the tens digit of u?
1
Let h(y) = -1 + 8*y**2 - 2 + 2 + 2. What is the units digit of h(-1)?
9
Let d(g) = -g**2 - 10*g + 3. Suppose -2*f + 6*f - 8 = 0. Suppose 2*v - 10 = 0, -2*z + f*v - 4 - 24 = 0. What is the units digit of d(z)?
2
Let x be (-4)/10 + 2235/25. Let z = -55 + x. What is the units digit of (z/6)/(5/15)?
7
Let b = 14 + -10. Suppose 0 = -4*p - b + 168. What is the units digit of p?
1
Let k(d) = -2*d - 15. Let p be k(-11). Let w(h) = h + 6. What is the units digit of w(p)?
3
Let b be -6*(9/6 + -3). Let q = b + -1. What is the units digit of q?
8
Let d(b) = -b**2 + 12*b - 2. Let h = -8 + 15. What is the units digit of d(h)?
3
Let b be 4/14 - 111/21. Let d(w) = -w. Let m be d(b). Suppose 2 = -4*j + m*j. What is the units digit of j?
2
Let u(l) = 3*l**2 - l - 1. What is the units digit of u(1)?
1
Suppose 2*g = -2*h + 68, 38 = h + 2*g - 0*g. What is the units digit of h?
0
Let f be 2*4/(16/62). Let d = f - 26. What is the units digit of d?
5
Let t = 145 - -36. What is the hundreds digit of t?
1
What is the tens digit of -6*(-3 - (-39)/(-6))?
5
What is the tens digit of 26 - 2 - (2 - -1)?
2
Let v(a) be the first derivative of -a - 2 + a**2 - 3 + 2*a + 3. What is the units digit of v(2)?
5
Let z be (-14)/(-5) + 3/15. Suppose z*s - 48 = -s. What is the tens digit of s?
1
Let y(m) = -m + 1. Let j be y(1). Suppose 5*q + j*q = 25. Suppose -2*d + q*d - 6 = 0. What is the units digit of d?
2
Suppose 5*q - 65 = -3*h - 22, -5*h + 3*q = -49. Suppose 2*u - 10*u - 48 = 0. Let v = u + h. What is the units digit of v?
5
Let d(y) = 4*y + 17. What is the units digit of d(9)?
3
What is the units digit of ((-48)/(-15))/((-4)/(-40))?
2
Let m(j) = 2*j**2 + 13*j + 1. Let n(x) = -3*x**2 - 26*x - 2. Let f(l) = -5*m(l) - 3*n(l). What is the units digit of f(13)?
1
Let t = -6 - -3. Let j be -19*((-3)/t - 2). Suppose -3 + j = 4*x. What is the units digit of x?
4
Suppose 0 = -5*t + 2*t - 54. What is the tens digit of (-3 - 0)*66/t?
1
Let i = -3 + 17. Suppose 21 + i = 4*f + 3*s, 0 = 5*f + 5*s - 50. Suppose 2*b + 9 = f*b. What is the units digit of b?
3
Let p(j) = -j - 1. Let z(h) = 4*h + 9. Let u be (3/(-9))/((-1)/(-3)). Let t(o) = u*z(o) - 6*p(o). What is the units digit of t(5)?
7
Suppose 0*v - 5*v - 45 = 0. Let s = 15 + v. What is the units digit of s?
6
Let g be (4/2 - 16) + -2. Let x = g + 7. Let r = 0 - x. What is the units digit of r?
9
Let h = 5 + -3. Suppose -h = -3*w + w. What is the units digit of 1*2 - (-2 - w)?
5
Suppose -4*a + a = 15. Let t = a + 5. Suppose 2*j + u = t, 3 = 2*j + 4*u + 9. What is the units digit of j?
1
Let p = 249 - 429. What is the tens digit of (5/3)/((-12)/p)?
2
What is the tens digit of 620/35 - (-2)/7?
1
Suppose b + 63 = 4*b. What is the tens digit of b?
2
Suppose 0 = 2*i - 3*k - 147, 3*k + 6 = -3. What is the units digit of i?
9
Let b = 121 + -63. What is the units digit of b?
8
Let r(k) = k + 5. Let w be r(6). Let v = 1 + w. What is the units digit of ((-32)/v)/(1/(-3))?
8
Suppose 3*u = -14 - 1. Let y = 5 + u. Suppose y = -3*i - 0*i + 24. What is the units digit of i?
8
Let j be 21/(-7) - (1 + -1). What is the units digit of (0 - j/6)*34?
7
Suppose 0 = -h - 0 + 4. Suppose -h*n + 24 = 4*c, 18 = 5*c + 2*n - 0*n. Let a = c - -7. What is the units digit of a?
9
Let j be 1/2*(0 - 2). Let r(m) = m**2 - m. Let y be r(j). Let w(u) = -u**3 + 3*u**2 - 2*u + 2. What is the units digit of w(y)?
2
Suppose -2*x = x - 99. Let d = -16 + x. What is the units digit of d?
7
Let q(b) = -14*b - 10. What is the tens digit of q(-14)?
8
Let b = 2 - -3. Suppose 0*o + 5*o = -b*h + 75, -4*h + 3*o = -60. What is the units digit of h?
5
Suppose 4*b = 4*v - v + 11, 0 = v - 5*b + 22. Suppose 4*g + 4 = 4*m, m - 1 = -7*g + v*g. What is the units digit of 1*(g + 1) + 3?
4
Let b(x) = -x + 2. Let m be b(-6). Suppose -105 = 3*q - m*q. What is the tens digit of q?
2
Suppose 8*l - 10*l + 226 = 0. What is the units digit of l?
3
Suppose -3*z + 2*z + 4 = 0. Suppose 5*j + 5 = -5, 2*s + 3*j + 4 = 0. Suppose 0 = -4*h - 11 - s, z*x - 3*h - 45 = 0. What is the units digit of x?
9
Suppose -2*s + 3*s = 2. Suppose 0 = -s*n + 5*y - 28, 3*n + 14 = n - 2*y. Let f = 13 + n. What is the units digit of f?
4
Let w(k) be the first derivative of -k**4/4 + k**3 + k**2 - 1. Let p be w(2). Let n = p - -6. What is the tens digit of n?
1
Suppose -2*l - 4*p = -3*l + 36, -2*p = 2*l - 42. What is the units digit of l?
4
Let x be (-12)/(-10)*95/2. Suppose -3*t + 0*t + x = 0. What is the tens digit of t?
1
Let m = 6 + -7. Let r be 28/8 + m/2. Suppose -3*n = -2*c + 16, 0 = r*n + 6 + 6. What is the units digit of c?
2
Let o(w) = w**2 - 5*w + 6. Let l be (-3)/(20/(-14) - -1). What is the units digit of o(l)?
0
Let j be 0/((6/2)/3). Let q(m) = -m**3 - m**2 + 1. Let a be q(0). What is the units digit of 1 - (-1)/(j + a)?
2
Let v = 9 - -8. What is the units digit of v?
7
Suppose 0 = 2*v - k - k - 48, 3*k - 104 = -5*v. What is the units digit of v?
2
Let f(t) = -t - 4. Let x be f(-3). Let d be (-3)/(-6)*(1 + x). What is the units digit of 0 - d - 9/(-3)?
3
What is the tens digit of 2 + (0 - 3) + 31*1?
3
Suppose 2*s - s - 64 = -w, -4*w + 188 = 3*s. What is the tens digit of s?
6
Suppose 4*j - 2 - 6 = 0. What is the units digit of j - 2/(0 - 2)?
3
Suppose i + 2*i = -24. What is the units digit of i/(-3) - 1/(-3)?
3
Suppose 22 = 3*t - m, t + 3*m = m - 2. Suppose -3*c - 81 = -t*c. What is the tens digit of c?
2
Suppose -3*l - 5*y + 84 + 86 = 0, 130 = 2*l - 5*y. What is the tens digit of l?
6
Let p(d) = 2*d**2 - 2 + 7*d - 10*d**2 + 2*d + d**3. What is the units digit of p(7)?
2
Suppose 68 = -2*c + 6*c + r, -51 = -3*c - r. What is the tens digit of c?
1
Let f(w) = 5*w + 11. What is the units digit of f(10)?
1
What is the units digit of (-40)/(-16) - 2/4 - -32?
4
Let u(b) = -b**2 - 7*b. Let s be u(-7). Suppose 4*i - 2*i - 6 = s. Suppose 0*v + 4*f - 18 = v, -i*f = -v - 13. What is the units digit of v?
2
Let y = -9 - -3. Let z = y + 12. What is the units digit of z?
6
Let a be ((-2)/4)/(7/(-28)). Suppose -2*h + 40 = a*h. Let q = h + -4. What is the unit